ase 16) in base 12?
-11
What is -3a (base 11) in base 14?
-31
What is 1 (base 13) in base 11?
1
Convert 1d (base 16) to base 13.
23
2312 (base 4) to base 8
266
Convert -1 (base 11) to base 3.
-1
What is -10 (base 9) in base 16?
-9
159 (base 12) to base 2
11010101
Convert -1111 (base 3) to base 8.
-50
Convert 21 (base 3) to base 16.
7
Convert -222 (base 10) to base 6.
-1010
What is 3 (base 13) in base 2?
11
What is -111 (base 7) in base 13?
-45
Convert -1 (base 3) to base 2.
-1
Convert -48 (base 14) to base 5.
-224
What is 5 (base 6) in base 5?
10
102 (base 3) to base 11
10
What is 6 (base 13) in base 4?
12
What is 12021 (base 3) in base 16?
8e
Convert 6 (base 7) to base 16.
6
250 (base 7) to base 15
8d
Convert -11 (base 15) to base 5.
-31
-10 (base 3) to base 11
-3
What is 35 (base 11) in base 10?
38
Convert 1 (base 5) to base 7.
1
34 (base 5) to base 11
18
-10 (base 2) to base 6
-2
What is 111111 (base 2) in base 9?
70
-1001011 (base 2) to base 3
-2210
4 (base 15) to base 9
4
What is -203 (base 8) in base 15?
-8b
What is -4b (base 16) in base 11?
-69
Convert 7 (base 15) to base 6.
11
Convert 1d (base 16) to base 15.
1e
-14 (base 8) to base 16
-c
Convert -1a (base 15) to base 4.
-121
What is 18b (base 12) in base 5?
2001
Convert 43 (base 8) to base 16.
23
-9 (base 14) to base 10
-9
What is -2 (base 9) in base 13?
-2
What is 1103 (base 4) in base 12?
6b
-110 (base 3) to base 4
-30
Convert 220 (base 9) to base 2.
10110100
What is 2 (base 7) in base 3?
2
What is 3 (base 9) in base 8?
3
1b (base 12) to base 5
43
-220 (base 3) to base 10
-24
-202 (base 3) to base 5
-40
What is -22102 (base 3) in base 6?
-1015
Convert -134 (base 7) to base 10.
-74
What is 10010 (base 2) in base 15?
13
What is 5 (base 14) in base 11?
5
112 (base 5) to base 16
20
What is 3 (base 6) in base 8?
3
Convert -3 (base 14) to base 15.
-3
-15 (base 13) to base 12
-16
-23 (base 7) to base 14
-13
What is 1 (base 4) in base 15?
1
What is 34 (base 9) in base 5?
111
2 (base 3) to base 13
2
Convert -201 (base 13) to base 6.
-1323
-132 (base 6) to base 2
-111000
Convert -2 (base 8) to base 14.
-2
Convert -44 (base 8) to base 9.
-40
Convert -313 (base 6) to base 10.
-117
-110 (base 4) to base 16
-14
Convert 0 (base 7) to base 3.
0
What is 222 (base 12) in base 2?
100111010
What is 22 (base 12) in base 13?
20
Convert 41 (base 16) to base 11.
5a
What is 2 (base 8) in base 16?
2
What is 445 (base 7) in base 4?
3211
Convert 104 (base 5) to base 14.
21
Convert -3 (base 6) to base 3.
-10
What is -7 (base 9) in base 15?
-7
0 (base 11) to base 2
0
Convert -5 (base 7) to base 8.
-5
What is -4 (base 5) in base 15?
-4
What is a (base 14) in base 11?
a
What is -a (base 11) in base 10?
-10
34 (base 11) to base 7
52
What is 11 (base 16) in base 14?
13
-7 (base 11) to base 14
-7
What is -1012 (base 3) in base 6?
-52
What is -3 (base 6) in base 3?
-10
d (base 15) to base 8
15
Convert 55 (base 9) to base 2.
110010
What is 35 (base 15) in base 9?
55
What is -5 (base 7) in base 8?
-5
What is 321 (base 7) in base 14?
b8
-10 (base 10) to base 6
-14
Convert 122 (base 13) to base 12.
145
Convert -32 (base 15) to base 6.
-115
What is -4 (base 6) in base 14?
-4
Convert 7 (base 9) to base 13.
7
317 (base 9) to base 16
103
Convert -4 (base 8) to base 11.
-4
1 (base 6) to base 10
1
What is -3 (base 9) in base 13?
-3
What is -7 (base 13) in base 14?
-7
What is 231 (base 4) in base 11?
41
135 (base 10) to base 8
207
-14 (base 10) to base 7
-20
25 (base 7) to base 5
34
What is 121 (base 6) in base 13?
3a
-19 (base 16) to base 15
-1a
Convert -17 (base 9) to base 7.
-22
What is 101010 (base 2) in base 14?
30
Convert -2 (base 8) to base 14.
-2
What is 2 (base 16) in base 15?
2
Convert -2 (base 5) to base 2.
-10
What is 32 (base 14) in base 13?
35
Convert -140 (base 6) to base 12.
-50
-13 (base 4) to base 8
-7
Convert -2 (base 4) to base 11.
-2
Convert -172 (base 9) to base 6.
-402
What is 1 (base 8) in base 7?
1
What is 33 (base 6) in base 7?
30
What is 41 (base 15) in base 7?
115
Convert -42 (base 13) to base 8.
-66
What is 10000 (base 3) in base 8?
121
What is 1b (base 12) in base 9?
25
-1 (base 4) to base 16
-1
Convert -6 (base 8) to base 3.
-20
Convert -7 (base 14) to base 8.
-7
-2 (base 3) to base 6
-2
195 (base 11) to base 3
22100
-4 (base 7) to base 4
-10
What is 29 (base 11) in base 8?
37
Convert -52 (base 7) to base 15.
-27
Convert 56 (base 7) to base 3.
1112
0 (base 11) to base 4
0
What is -d (base 16) in base 4?
-31
20 (base 7) to base 6
22
Convert a (base 14) to base 13.
a
What is 10111011 (base 2) in base 15?
c7
What is -7 (base 9) in base 15?
-7
Convert -32 (base 7) to base 15.
-18
What is -5 (base 15) in base 6?
-5
13 (base 14) to base 6
25
Convert -34 (base 8) to base 5.
-103
-3 (base 14) to base 5
-3
3 (base 6) to base 3
10
Convert 0 (base 3) to base 15.
0
-103 (base 12) to base 16
-93
-11 (base 4) to base 14
-5
What is -11 (base 14) in base 13?
-12
What is 2a (base 11) in base 14?
24
Convert -66 (base 7) to base 6.
-120
What is -243 (base 6) in base 8?
-143
What is 2 (base 8) in base 9?
2
1 (base 6) to base 15
1
What is -4 (base 11) in base 14?
-4
52 (base 15) to base 3
2212
What is 10 (base 6) in base 8?
6
3 (base 10) to base 3
10
What is 35 (base 12) in base 2?
101001
Convert -2 (base 14) to base 10.
-2
Convert -7b (base 15) to base 11.
-a6
Convert -10 (base 12) to base 13.
-c
4 (base 5) to base 8
4
What is 6 (base 12) in base 7?
6
-32 (base 6) to base 2
-10100
21 (base 9) to base 15
14
Convert 22 (base 4) to base 15.
a
0 (base 16) to base 15
0
7 (base 8) to base 11
7
-2 (base 6) to base 2
-10
What is -14 (base 13) in base 3?
-122
Convert 2210 (base 3) to base 10.
75
-2 (base 10) to base 12
-2
Convert -59 (base 11) to base 6.
-144
Convert 1 (base 10) to base 3.
1
1 (base 10) to base 2
1
Convert -14 (base 7) to base 11.
-10
What is -4 (base 11) in base 6?
-4
Convert 2 (base 5) to base 16.
2
9 (base 13) to base 9
10
What is -15b (base 12) in base 7?
-425
What is 16 (base 8) in base 16?
e
-6c (base 13) to base 14
-66
22 (base 3) to base 5
13
Convert -6 (base 7) to base 14.
-6
Convert 32 (base 8) to base 5.
101
What is 27 (base 11) in base 4?
131
Convert 2 (base 10) to base 4.
2
What is -102022 (base 3) in base 10?
-305
What is 213 (base 6) in base 4?
1101
Convert 0 (base 11) to base 15.
0
-4 (base 6) to base 8
-4
Convert -9 (base 16) to base 12.
-9
Convert 165 (base 12) to base 5.
1341
What is -1111 (base 2) in base 10?
-15
What is 15 (base 12) in base 4?
101
-7 (base 9) to base 12
-7
-65 (base 15) to base 12
-7b
Convert -1 (base 11) to base 3.
-1
-4 (base 11) to base 10
-4
Convert -1110001 (base 2) to base 12.
-95
What is 13 (base 5) in base 7?
11
Convert -20 (base 5) to base 9.
-11
2 (base 9) to base 8
2
What is 243 (base 12) in base 4?
11103
30 (base 12) to base 9
40
Convert 13 (base 7) to base 11.
a
What is -15 (base 15) in base 14?
-16
What is -13 (base 15) in base 6?
-30
What is 0 (base 11) in base 8?
0
What is -12111 (base 3) in base 2?
-10010100
Convert -1 (base 2) to base 4.
-1
What is -221 (base 3) in base 10?
-25
102 (base 13) to base 4
2223
-303 (base 4) to base 14
-39
Convert -4 (base 5) to base 11.
-4
Convert 2 (base 11) to base 12.
2
Convert 3 (base 10) to base 16.
3
What is 110212 (base 3) in base 15?
182
Convert 123 (base 12) to base 9.
210
-2b (base 12) to base 3
-1022
-20022 (base 3) to base 10
-170
Convert 8 (base 16) to base 7.
11
What is 11001 (base 2) in base 12?
21
-3 (base 8) to base 2
-11
1b (base 16) to base 8
33
Convert a (base 12) to base 3.
101
Convert -2c (base 16) to base 9.
-48
Convert 5 (base 12) to base 16.
5
Convert 100011001 (base 2) to base 16.
119
-121 (base 3) to base 12
-14
Convert -28 (base 14) to base 3.
-1100
179 (base 10) to base 9
218
What is 1022 (base 3) in base 15?
25
Convert -212 (base 6) to base 12.
-68
What is -11 (base 7) in base 2?
-1000
Convert 1 (base 7) to base 9.
1
-1040 (base 6) to base 2
-11110000
26 (base 7) to base 13
17
What is 3 (base 16) in base 9?
3
What is 2a (base 12) in base 2?
100010
What is 22001 (base 3) in base 14?
117
What is 104 (base 5) in base 7?
41
Convert 300 (base 5) to base 2.
1001011
What is -10 (base 10) in base 7?
-13
Convert -2 (base 12) to base 2.
-10
What is 14 (base 11) in base 13?
12
Convert 301 (base 4) to b